{"id":601,"date":"2024-04-01T14:40:10","date_gmt":"2024-04-01T18:40:10","guid":{"rendered":"https:\/\/www.albatrosgatineaulalievre.org\/?page_id=601"},"modified":"2024-08-06T21:26:17","modified_gmt":"2024-08-07T01:26:17","slug":"devenir-accompagnant-benevole","status":"publish","type":"page","link":"https:\/\/www.albatrosgatineaulalievre.org\/index.php\/devenir-accompagnant-benevole\/","title":{"rendered":"Devenir accompagnant b\u00e9n\u00e9vole"},"content":{"rendered":"<h1>Devenir accompagnant b\u00e9n\u00e9vole<\/h1>\n\n\n<p>On vous dit attentionn\u00e9 et \u00e0 l\u2019\u00e9coute? La r\u00e9alit\u00e9 des personnes en soins palliatifs ou en fin de vie vous interpelle? Vous avez d\u00e9j\u00e0 accompagn\u00e9 un proche et avez trouv\u00e9 l\u2019exp\u00e9rience enrichissante malgr\u00e9 votre peine? Ou encore aimeriez en avoir su plus sur le sujet? Vous aimeriez donner au suivant? Vous \u00eates retrait\u00e9s du milieu de la sant\u00e9 et voulez continuer d&rsquo;offrir vos services d&rsquo;\u00e9coute et d&rsquo;amour inconditionnel?<\/p>\n\n\n<div class=\"wp-block-image\">\n<figure class=\"aligncenter size-large is-resized\"><img fetchpriority=\"high\" decoding=\"async\" width=\"1024\" height=\"391\" src=\"https:\/\/www.albatrosgatineaulalievre.org\/wp-content\/uploads\/2024\/04\/personne-agee-hommes-ecoute-1024x391.png\" alt=\"Jeune homme accompagnant un homme plus \u00e2g\u00e9es\" class=\"wp-image-602\" style=\"width:775px;height:auto\" srcset=\"https:\/\/www.albatrosgatineaulalievre.org\/wp-content\/uploads\/2024\/04\/personne-agee-hommes-ecoute-1024x391.png 1024w, https:\/\/www.albatrosgatineaulalievre.org\/wp-content\/uploads\/2024\/04\/personne-agee-hommes-ecoute-300x115.png 300w, https:\/\/www.albatrosgatineaulalievre.org\/wp-content\/uploads\/2024\/04\/personne-agee-hommes-ecoute-768x293.png 768w, https:\/\/www.albatrosgatineaulalievre.org\/wp-content\/uploads\/2024\/04\/personne-agee-hommes-ecoute.png 1047w\" sizes=\"(max-width: 1024px) 100vw, 1024px\" \/><\/figure><\/div>\n\n\n<p><strong>Il est possible de s\u2019impliquer de diverses fa\u00e7ons&nbsp;:<\/strong><\/p>\n\n\n\n<ol start=\"1\">\n<li>En accompagnant les personnes gravement malade en soins palliatifs et en fin de vie et leurs proches dans les diff\u00e9rents milieux de vie, selon les r\u00e9gions : \u00e0 domicile, en r\u00e9sidence priv\u00e9e pour a\u00een\u00e9s, en CHSLD, \u00e0 l\u2019unit\u00e9 de soins palliatifs de l\u2019h\u00f4pital ou dans une maison de soins palliatifs. Les accompagnements se font l\u00e0 o\u00f9 le besoin se manifeste;<br><br><\/li>\n\n\n\n<li>En vous impliquant dans les diff\u00e9rents comit\u00e9s, au sein du conseil d&rsquo;administration ou dans les autres activit\u00e9s de notre organisme pour la formation, le soutien aux accompagnants b\u00e9n\u00e9voles et la vie associative.<\/li>\n<\/ol>\n\n\n<p class=\"has-background has-medium-font-size\" style=\"background-color: #b3cec7;\">Veuillez vous inscrire en ligne en cliquant:<br \/><a href=\"https:\/\/forms.gle\/BAA4GgTtbwAiiSrC7\" target=\"_blank\" rel=\"noreferrer noopener\">Formulaire d&rsquo;inscription en ligne<\/a><\/p>\n<p class=\"has-background has-medium-font-size\" style=\"background-color: #b3cec7;\">Vous pouvez aussi t\u00e9l\u00e9charger cette version Word, la compl\u00e9ter, la sauvegarder sur votre ordinateur et nous la faire parvenir \u00e0 <a href=\"mailto:AlbatrosGatineauLL@gmail.com\" target=\"_blank\" rel=\"noreferrer noopener\">AlbatrosGatineauLL@gmail.com<\/a> : <a style=\"font-size: var(--wp--preset--font-size--medium);\" href=\"https:\/\/www.albatrosgatineaulalievre.org\/wp-content\/uploads\/2024\/05\/BEN-000-Devenir-benevole-1.docx\" target=\"_blank\" rel=\"noreferrer noopener\">Formulaire d&rsquo;inscription version Word<\/a><\/p>\n\n<span class=\"su-qrcode su-qrcode-align-center\"><a target=\"_blank\" title=\"Vous voulez faire partie de notre belle famille de b\u00e9n\u00e9voles, veuillez compl\u00e9ter le formulaire ci-inclus.\"><img decoding=\"async\" src=\"https:\/\/api.qrserver.com\/v1\/create-qr-code\/?data=https%3A%2F%2Fforms.gle%2FBAA4GgTtbwAiiSrC7&amp;size=200x200&amp;format=png&amp;margin=10&amp;color=000000&amp;bgcolor=ffffff\" alt=\"Vous voulez faire partie de notre belle famille de b\u00e9n\u00e9voles, veuillez compl\u00e9ter le formulaire ci-inclus.\" \/><\/a><\/span>\n","protected":false},"excerpt":{"rendered":"<p>Devenir accompagnant b\u00e9n\u00e9vole On vous dit attentionn\u00e9 et \u00e0 l\u2019\u00e9coute? La r\u00e9alit\u00e9 des personnes en soins palliatifs ou en fin de vie vous interpelle? Vous avez d\u00e9j\u00e0 accompagn\u00e9 un proche et avez trouv\u00e9 l\u2019exp\u00e9rience enrichissante malgr\u00e9 votre peine? Ou encore aimeriez en avoir su plus sur le sujet? Vous aimeriez donner au suivant? Vous \u00eates [&hellip;]<\/p>\n","protected":false},"author":2,"featured_media":0,"parent":0,"menu_order":0,"comment_status":"closed","ping_status":"closed","template":"","meta":{"ocean_post_layout":"","ocean_both_sidebars_style":"","ocean_both_sidebars_content_width":0,"ocean_both_sidebars_sidebars_width":0,"ocean_sidebar":"","ocean_second_sidebar":"","ocean_disable_margins":"enable","ocean_add_body_class":"","ocean_shortcode_before_top_bar":"","ocean_shortcode_after_top_bar":"","ocean_shortcode_before_header":"","ocean_shortcode_after_header":"","ocean_has_shortcode":"","ocean_shortcode_after_title":"","ocean_shortcode_before_footer_widgets":"","ocean_shortcode_after_footer_widgets":"","ocean_shortcode_before_footer_bottom":"","ocean_shortcode_after_footer_bottom":"","ocean_display_top_bar":"default","ocean_display_header":"default","ocean_header_style":"","ocean_center_header_left_menu":"","ocean_custom_header_template":"","ocean_custom_logo":0,"ocean_custom_retina_logo":0,"ocean_custom_logo_max_width":0,"ocean_custom_logo_tablet_max_width":0,"ocean_custom_logo_mobile_max_width":0,"ocean_custom_logo_max_height":0,"ocean_custom_logo_tablet_max_height":0,"ocean_custom_logo_mobile_max_height":0,"ocean_header_custom_menu":"","ocean_menu_typo_font_family":"","ocean_menu_typo_font_subset":"","ocean_menu_typo_font_size":0,"ocean_menu_typo_font_size_tablet":0,"ocean_menu_typo_font_size_mobile":0,"ocean_menu_typo_font_size_unit":"px","ocean_menu_typo_font_weight":"","ocean_menu_typo_font_weight_tablet":"","ocean_menu_typo_font_weight_mobile":"","ocean_menu_typo_transform":"","ocean_menu_typo_transform_tablet":"","ocean_menu_typo_transform_mobile":"","ocean_menu_typo_line_height":0,"ocean_menu_typo_line_height_tablet":0,"ocean_menu_typo_line_height_mobile":0,"ocean_menu_typo_line_height_unit":"","ocean_menu_typo_spacing":0,"ocean_menu_typo_spacing_tablet":0,"ocean_menu_typo_spacing_mobile":0,"ocean_menu_typo_spacing_unit":"","ocean_menu_link_color":"","ocean_menu_link_color_hover":"","ocean_menu_link_color_active":"","ocean_menu_link_background":"","ocean_menu_link_hover_background":"","ocean_menu_link_active_background":"","ocean_menu_social_links_bg":"","ocean_menu_social_hover_links_bg":"","ocean_menu_social_links_color":"","ocean_menu_social_hover_links_color":"","ocean_disable_title":"default","ocean_disable_heading":"default","ocean_post_title":"","ocean_post_subheading":"","ocean_post_title_style":"","ocean_post_title_background_color":"","ocean_post_title_background":0,"ocean_post_title_bg_image_position":"","ocean_post_title_bg_image_attachment":"","ocean_post_title_bg_image_repeat":"","ocean_post_title_bg_image_size":"","ocean_post_title_height":0,"ocean_post_title_bg_overlay":0.5,"ocean_post_title_bg_overlay_color":"","ocean_disable_breadcrumbs":"default","ocean_breadcrumbs_color":"","ocean_breadcrumbs_separator_color":"","ocean_breadcrumbs_links_color":"","ocean_breadcrumbs_links_hover_color":"","ocean_display_footer_widgets":"default","ocean_display_footer_bottom":"default","ocean_custom_footer_template":"","footnotes":""},"_links":{"self":[{"href":"https:\/\/www.albatrosgatineaulalievre.org\/index.php\/wp-json\/wp\/v2\/pages\/601"}],"collection":[{"href":"https:\/\/www.albatrosgatineaulalievre.org\/index.php\/wp-json\/wp\/v2\/pages"}],"about":[{"href":"https:\/\/www.albatrosgatineaulalievre.org\/index.php\/wp-json\/wp\/v2\/types\/page"}],"author":[{"embeddable":true,"href":"https:\/\/www.albatrosgatineaulalievre.org\/index.php\/wp-json\/wp\/v2\/users\/2"}],"replies":[{"embeddable":true,"href":"https:\/\/www.albatrosgatineaulalievre.org\/index.php\/wp-json\/wp\/v2\/comments?post=601"}],"version-history":[{"count":23,"href":"https:\/\/www.albatrosgatineaulalievre.org\/index.php\/wp-json\/wp\/v2\/pages\/601\/revisions"}],"predecessor-version":[{"id":2033,"href":"https:\/\/www.albatrosgatineaulalievre.org\/index.php\/wp-json\/wp\/v2\/pages\/601\/revisions\/2033"}],"wp:attachment":[{"href":"https:\/\/www.albatrosgatineaulalievre.org\/index.php\/wp-json\/wp\/v2\/media?parent=601"}],"curies":[{"name":"wp","href":"https:\/\/api.w.org\/{rel}","templated":true}]}}