{"id":934,"date":"2024-04-09T12:53:25","date_gmt":"2024-04-09T16:53:25","guid":{"rendered":"https:\/\/www.albatrosgatineaulalievre.org\/?page_id=934"},"modified":"2024-04-21T23:32:19","modified_gmt":"2024-04-22T03:32:19","slug":"soins-palliatifs","status":"publish","type":"page","link":"https:\/\/www.albatrosgatineaulalievre.org\/index.php\/soins-palliatifs\/","title":{"rendered":"Soins palliatifs"},"content":{"rendered":"<h1>Soins palliatifs<\/h1>\n\n\n<h2 class=\"wp-block-heading\">Association Qu\u00e9b\u00e9coise des soins palliatifs (AQSP)<\/h2>\n\n\n\n<p>C.P. 321, Succursale Bureau-Chef,<br>Granby (Qu\u00e9bec)<br>J2G 8E5<br>(514) 826-9400<br><a href=\"mailto:info@aqsp.org\" target=\"_blank\" rel=\"noreferrer noopener\">info@aqsp.org<\/a><\/p>\n\n\n\n<p>Cette association s&rsquo;engage \u00e0 \u00eatre la principale r\u00e9f\u00e9rence pour les soins palliatifs et les soins de fin de vie au Qu\u00e9bec. Ils \u0153uvrent activement pour garantir la reconnaissance, l&rsquo;acc\u00e8s et la qualit\u00e9 des soins palliatifs, en mettant en pratique nos valeurs de solidarit\u00e9, d&rsquo;int\u00e9grit\u00e9 et d&rsquo;\u00e9quit\u00e9.<\/p>\n\n\n\n<h2 class=\"wp-block-heading\">Comit\u00e9 local de soins palliatifs de Papineau<\/h2>\n\n\n\n<p>H\u00f4pital de Papineau<br>155, rue Maclaren Est<br>Gatineau (Qu\u00e9bec)\u00a0\u00a0<br>J8L\u00a00C2<br>(819) 986-4115 poste 224939.<br><a href=\"mailto:Kimmy.Gauthier@ssss.gouv.qc.ca\" target=\"_blank\" rel=\"noreferrer noopener\">Kimmy.Gauthier@ssss.gouv.qc.ca<\/a><\/p>\n\n\n\n<p>Le but de l\u2019organisme est d&rsquo;offrir gratuitement des soins palliatifs de qualit\u00e9 ainsi qu&rsquo;un accompagnement professionnel, psychologique et spirituel aux personnes en fin de vie.<\/p>\n\n\n\n<h2 class=\"wp-block-heading\">La Maison des Collines (MDC)<\/h2>\n\n\n\n<p>99, chemin Burnside<br>Wakefield (Qu\u00e9bec)<br>J0X 3G0<br>(819) 459-1233<br>T\u00e9l\u00e9copieur : 873-767-2398<br><a href=\"mailto:info@lamaisondescollines.org\" target=\"_blank\" rel=\"noreferrer noopener\">info@lamaisondescollines.org<\/a><br><a href=\"https:\/\/www.lamaisondescollines.org\/fr\/nous-joindre\/\" target=\"_blank\" rel=\"noreferrer noopener\">https:\/\/www.lamaisondescollines.org\/fr\/nous-joindre\/<\/a><\/p>\n\n\n\n<p>De prodiguer des soins palliatifs et un accompagnement de grande qualit\u00e9 aux patients en fin de vie et \u00e0 leur famille par la pr\u00e9vention et le contr\u00f4le des sympt\u00f4mes physiques invalidants tout en offrant dans un environnement de calme, paix et qui\u00e9tude, le soutien spirituel, psychologique et \u00e9motionnel dont ont besoin les malades en phase terminale.<\/p>\n\n\n\n<h2 class=\"wp-block-heading\">La Maison Mathieu Froment-Savoie<\/h2>\n\n\n\n<p>170 rue Sherbrooke<br>Gatineau (Qu\u00e9bec)<br>J8Y 2L6<br>(819) 770-3900<br><a href=\"https:\/\/www.mmfs.org\/fr\/\" target=\"_blank\" rel=\"noreferrer noopener\">https:\/\/www.mmfs.org\/fr\/<\/a><\/p>\n\n\n\n<p>La Maison Mathieu Froment-Savoie s&rsquo;engage \u00e0 offrir gratuitement des soins palliatifs de qualit\u00e9, centr\u00e9s sur le bien-\u00eatre et la dignit\u00e9 des personnes en fin de vie ainsi que de leurs proches. En tant que centre d&rsquo;expertise, elle aspire \u00e0 influencer le d\u00e9veloppement des services palliatifs \u00e0 l&rsquo;\u00e9chelle r\u00e9gionale et provinciale, tout en maintenant une r\u00e9putation d&rsquo;innovation continue et en renfor\u00e7ant son leadership dans la formation en soins palliatifs.<\/p>\n\n\n\n<h2 class=\"wp-block-heading\">&nbsp;Le Havre, centre de jour<\/h2>\n\n\n\n<p>171, rue Nicolet,\u00a0<br>Gatineau (Qu\u00e9bec)\u00a0<br>J8Y 2K2<br>(819) 770-3900<br><a href=\"mailto:acc.a.domicile@mmfs.org\" target=\"_blank\" rel=\"noreferrer noopener\">acc.a.domicile@mmfs.org<\/a><\/p>\n\n\n\n<p>Le Havre a pour mission d\u2019offrir des activit\u00e9s de ressourcement aux personnes en soins palliatifs ainsi qu\u2019\u00e0 leurs proches aidants dans un espace s\u00e9curitaire afin de briser l\u2019isolement gr\u00e2ce aux \u00e9changes entre pairs et permettre de vivre des moments r\u00e9confortants.<\/p>\n\n\n\n<h2 class=\"wp-block-heading\">R\u00e9sidence Le Monarque<\/h2>\n\n\n\n<p>532, rue Notre-Dame,<br>Montebello (Qu\u00e9bec)<br>J0V 1L0<br>(819) 309-0888<br><a href=\"mailto:residencelemonarche@gmail.com\" target=\"_blank\" rel=\"noreferrer noopener\">residencelemonarche@gmail.com<\/a><\/p>\n\n\n\n<p>Cette association offre des soins palliatifs gratuits ainsi qu&rsquo;un accompagnement professionnel, psychologique et spirituel \u00e0 ceux en fin de vie et \u00e0 leurs proches, tout en garantissant le respect, la compassion et la dignit\u00e9 \u00e0 chaque \u00e9tape du processus.<\/p>\n\n\n\n<div class=\"wp-block-buttons is-content-justification-right is-layout-flex wp-container-core-buttons-layout-1 wp-block-buttons-is-layout-flex\">\n<div class=\"wp-block-button is-style-fill\"><a class=\"wp-block-button__link wp-element-button\" href=\"https:\/\/www.albatrosgatineaulalievre.org\/index.php\/ressources\/\">Retourner \u00e0 la page Ressources<\/a><\/div>\n<\/div>\n","protected":false},"excerpt":{"rendered":"<p>Soins palliatifs Association Qu\u00e9b\u00e9coise des soins palliatifs (AQSP) C.P. 321, Succursale Bureau-Chef,Granby (Qu\u00e9bec)J2G 8E5(514) 826-9400info@aqsp.org Cette association s&rsquo;engage \u00e0 \u00eatre la principale r\u00e9f\u00e9rence pour les soins palliatifs et les soins de fin de vie au Qu\u00e9bec. Ils \u0153uvrent activement pour garantir la reconnaissance, l&rsquo;acc\u00e8s et la qualit\u00e9 des soins palliatifs, en mettant en pratique nos [&hellip;]<\/p>\n","protected":false},"author":2,"featured_media":0,"parent":0,"menu_order":0,"comment_status":"closed","ping_status":"closed","template":"","meta":{"ocean_post_layout":"","ocean_both_sidebars_style":"","ocean_both_sidebars_content_width":0,"ocean_both_sidebars_sidebars_width":0,"ocean_sidebar":"","ocean_second_sidebar":"","ocean_disable_margins":"enable","ocean_add_body_class":"","ocean_shortcode_before_top_bar":"","ocean_shortcode_after_top_bar":"","ocean_shortcode_before_header":"","ocean_shortcode_after_header":"","ocean_has_shortcode":"","ocean_shortcode_after_title":"","ocean_shortcode_before_footer_widgets":"","ocean_shortcode_after_footer_widgets":"","ocean_shortcode_before_footer_bottom":"","ocean_shortcode_after_footer_bottom":"","ocean_display_top_bar":"default","ocean_display_header":"default","ocean_header_style":"","ocean_center_header_left_menu":"","ocean_custom_header_template":"","ocean_custom_logo":0,"ocean_custom_retina_logo":0,"ocean_custom_logo_max_width":0,"ocean_custom_logo_tablet_max_width":0,"ocean_custom_logo_mobile_max_width":0,"ocean_custom_logo_max_height":0,"ocean_custom_logo_tablet_max_height":0,"ocean_custom_logo_mobile_max_height":0,"ocean_header_custom_menu":"","ocean_menu_typo_font_family":"","ocean_menu_typo_font_subset":"","ocean_menu_typo_font_size":0,"ocean_menu_typo_font_size_tablet":0,"ocean_menu_typo_font_size_mobile":0,"ocean_menu_typo_font_size_unit":"px","ocean_menu_typo_font_weight":"","ocean_menu_typo_font_weight_tablet":"","ocean_menu_typo_font_weight_mobile":"","ocean_menu_typo_transform":"","ocean_menu_typo_transform_tablet":"","ocean_menu_typo_transform_mobile":"","ocean_menu_typo_line_height":0,"ocean_menu_typo_line_height_tablet":0,"ocean_menu_typo_line_height_mobile":0,"ocean_menu_typo_line_height_unit":"","ocean_menu_typo_spacing":0,"ocean_menu_typo_spacing_tablet":0,"ocean_menu_typo_spacing_mobile":0,"ocean_menu_typo_spacing_unit":"","ocean_menu_link_color":"","ocean_menu_link_color_hover":"","ocean_menu_link_color_active":"","ocean_menu_link_background":"","ocean_menu_link_hover_background":"","ocean_menu_link_active_background":"","ocean_menu_social_links_bg":"","ocean_menu_social_hover_links_bg":"","ocean_menu_social_links_color":"","ocean_menu_social_hover_links_color":"","ocean_disable_title":"default","ocean_disable_heading":"default","ocean_post_title":"","ocean_post_subheading":"","ocean_post_title_style":"","ocean_post_title_background_color":"","ocean_post_title_background":0,"ocean_post_title_bg_image_position":"","ocean_post_title_bg_image_attachment":"","ocean_post_title_bg_image_repeat":"","ocean_post_title_bg_image_size":"","ocean_post_title_height":0,"ocean_post_title_bg_overlay":0.5,"ocean_post_title_bg_overlay_color":"","ocean_disable_breadcrumbs":"default","ocean_breadcrumbs_color":"","ocean_breadcrumbs_separator_color":"","ocean_breadcrumbs_links_color":"","ocean_breadcrumbs_links_hover_color":"","ocean_display_footer_widgets":"default","ocean_display_footer_bottom":"default","ocean_custom_footer_template":"","footnotes":""},"_links":{"self":[{"href":"https:\/\/www.albatrosgatineaulalievre.org\/index.php\/wp-json\/wp\/v2\/pages\/934"}],"collection":[{"href":"https:\/\/www.albatrosgatineaulalievre.org\/index.php\/wp-json\/wp\/v2\/pages"}],"about":[{"href":"https:\/\/www.albatrosgatineaulalievre.org\/index.php\/wp-json\/wp\/v2\/types\/page"}],"author":[{"embeddable":true,"href":"https:\/\/www.albatrosgatineaulalievre.org\/index.php\/wp-json\/wp\/v2\/users\/2"}],"replies":[{"embeddable":true,"href":"https:\/\/www.albatrosgatineaulalievre.org\/index.php\/wp-json\/wp\/v2\/comments?post=934"}],"version-history":[{"count":5,"href":"https:\/\/www.albatrosgatineaulalievre.org\/index.php\/wp-json\/wp\/v2\/pages\/934\/revisions"}],"predecessor-version":[{"id":1558,"href":"https:\/\/www.albatrosgatineaulalievre.org\/index.php\/wp-json\/wp\/v2\/pages\/934\/revisions\/1558"}],"wp:attachment":[{"href":"https:\/\/www.albatrosgatineaulalievre.org\/index.php\/wp-json\/wp\/v2\/media?parent=934"}],"curies":[{"name":"wp","href":"https:\/\/api.w.org\/{rel}","templated":true}]}}